11*i**2 - 8*i + 17. Let p be v(-12). Let k = 51 + p. What is the highest common factor of 25 and k?
5
Suppose 2*m + 7*b - 63 = 2*b, 0 = -m + b + 14. Let l = m + -14. Suppose -58 - 35 = -l*s - 4*f, 4*f = 4*s - 60. Calculate the highest common factor of s and 51.
17
Let n = 5740 - 3300. What is the highest common divisor of n and 10?
10
Let h be (-69)/(-24) + 1/8. Suppose h*a - 33 = -3*k, -k + a = -4*k + 41. Suppose 0 = -6*l + 5 + 13. Calculate the greatest common factor of l and k.
3
Let c(o) = -55*o - 4203. Let r be c(-77). Calculate the greatest common factor of r and 7152.
16
Let u(s) = -14*s - 33. Let h be u(-23). Let y = h + -253. Calculate the highest common divisor of 132 and y.
12
Let n be -15*(23720/(-150) + 7/(-35)). Calculate the greatest common factor of n and 375.
125
Let w be ((1/(-4))/((-1)/(-4)))/((-16)/1040). Calculate the highest common divisor of w and 5.
5
Let m(k) = 9*k + 166. Let o be m(6). Let g be (o/3)/(28/(-15) - -2). Calculate the highest common divisor of 22 and g.
22
Suppose 8*o = -o + 2394. Suppose -d + 138 + o = -p, 3*d + 3*p - 1224 = 0. Calculate the highest common factor of d and 116.
58
Let f(h) = h**2 - 113*h + 2005. Let t be f(22). Let s be (-28)/3 + (-3)/(-9). Let c = 21 + s. Calculate the greatest common divisor of c and t.
3
Let x(p) = p**3 + 2*p**2 - 77*p + 336. Let z be x(5). Calculate the highest common factor of z and 1062.
18
Let l be ((-2)/4)/(77/(-5698)). What is the highest common factor of 4736 and l?
37
Let w(d) = 2*d - 6. Let c be w(5). Suppose -5020 = -874*j + 19452. What is the highest common divisor of j and c?
4
Let o = 299893 + -299859. Suppose 517 + 27 = 4*d. Calculate the greatest common factor of d and o.
34
Let h = -1821 - -1827. Suppose 5*g = -5*q - 5 - 5, 5*g - 26 = 4*q. Suppose g*v = -3*y + y + 30, 2*y + 4*v = 36. What is the greatest common factor of y and h?
6
Let z(s) = 8*s + 4. Let x be z(4). Let b be -1 + (-14 + -31)/(-9). Calculate the highest common divisor of x and b.
4
Let t(g) = 11*g**2 + 107*g - 4. Let z be t(-10). Let u(q) = 8*q**3 + 6*q**2 - 13*q + 3. Let w be u(3). What is the highest common factor of z and w?
26
Suppose 5*z + 45 = 5*r, -2*z + 8 = 4. Suppose -10*g = -r*g + 201. Calculate the highest common divisor of 134 and g.
67
Let s(g) be the first derivative of g**4/4 + 5*g**3 - 19*g**2 + 22*g + 171. Let w be s(-17). What is the highest common factor of w and 240?
30
Suppose -2*f - 3*k + 18 = 0, k - 3*k = 4. Let i be 3/(-9)*486/(-9). Calculate the greatest common factor of f and i.
6
Suppose 6581 + 3772 + 231 = 72*n. What is the highest common factor of 231 and n?
21
Let z = 504 + -240. Suppose -5*h + z = a - 5*a, -3*h - 5*a = -188. Suppose 14*p = 27*p - 91. What is the greatest common divisor of h and p?
7
Let q(z) = -z**2 - 22*z + 150. Let a be q(-25). Calculate the highest common factor of 960 and a.
15
Suppose -16*s = -3*s + 2008 - 6805. Calculate the greatest common divisor of 533 and s.
41
Suppose 4*k + 122 - 330 = -4*i, -210 = -4*k - 3*i. Let c be 16/3 - (-1400)/(-420). What is the greatest common divisor of k and c?
2
Let r be (-6 - 1) + 232 - 4. Let v = -165 + r. Let c = 76 - -64. What is the greatest common factor of c and v?
28
Let g(s) = -2*s**3 + 6*s - 5*s + 3*s**3 + 6*s**2 - 3. Let v be g(-5). Calculate the greatest common factor of v and 833.
17
Let x be 51224/570 - ((-68)/60 - -1). Calculate the greatest common divisor of 255 and x.
15
Let f = 3344 + -2952. Calculate the greatest common factor of 1456 and f.
56
Let a(z) = 2*z**2 + z. Let y be (0 + 2)*15/(-6). Let k be a(y). What is the highest common divisor of k and 15?
15
Suppose -28 = -6*i - 10. Suppose 2*z - i*n - 280 = 145, 642 = 3*z - 3*n. Calculate the greatest common divisor of 31 and z.
31
Let i = -58 - -305. Suppose -26*p + i = -845. What is the highest common factor of p and 147?
21
Let y be (-7 + (-102)/(-12))/(6/512). Suppose 0 = b + 2*z - y, -5*b - 259 = 2*z - 915. Calculate the highest common factor of 44 and b.
44
Suppose -40*n = -47*n + 112133. Calculate the highest common factor of n and 83.
83
Let j(c) = c**3 - 13*c**2 + 12*c + 13. Let b be j(12). Let u be 42/7*152/(-6). Let o = 269 + u. Calculate the highest common divisor of o and b.
13
Suppose f + f - 2 = -2*b, b = -2*f - 3. Let v be ((-3)/(-6))/(f/(-296)). Suppose -2*z + v = -9. Calculate the greatest common factor of z and 23.
23
Let j(z) = -z**3 - 6*z**2 - 3*z - 9. Let s be j(-6). Let o be ((-5)/20*6)/(9/(-696)). Let k = 161 - o. What is the highest common divisor of k and s?
9
Let b(n) be the first derivative of -n**2/2 + 6*n + 3. Let c be b(0). Suppose 48*k - 321 = 111. What is the greatest common factor of c and k?
3
Suppose -154*c - 2070 = -158*c + 3*o, -3*o = 2*c - 1026. What is the highest common divisor of 84 and c?
12
Let n = -9855 - -9858. What is the highest common divisor of n and 771?
3
Let k = -236 + 251. Suppose -k*m = -2751 - 3849. What is the greatest common factor of m and 40?
40
Let a = -2587 - -2255. Let v be (6/4)/(2/(-96)). Let m = v - a. What is the highest common factor of m and 52?
52
Let r be (-5)/((-15)/477) + (-434)/62. What is the greatest common factor of 16 and r?
8
Let t be 1*2/(6/9) + 23782/23. Calculate the highest common divisor of 34 and t.
17
Suppose 0 = -5*s - 3*b + 831, 0 = s + 3*b - 27 - 144. Suppose 10*r - 2*r = 376. Suppose 2*x = 19 + r. What is the greatest common divisor of s and x?
33
Let m = -439 - -529. Let f be m - (0 - 6 - -10). Calculate the highest common factor of f and 1634.
86
Let r = 122 + -68. Suppose 0 = 4*x + 20 - 164. What is the highest common divisor of r and x?
18
Let p = 53 - 38. Suppose k = p + 11. Suppose -23*g + k*g - 18 = 0. Calculate the highest common divisor of g and 6.
6
Let v = -4811 + 4874. Calculate the greatest common factor of 261 and v.
9
Let s(q) = 2*q**3 - 42*q**2 + 6*q - 96. Let c be s(21). What is the highest common divisor of 6440 and c?
10
Let g = -22 - -175. Suppose -42 = -3*i - 3*f, -2*i + 5*f = -4*i + 43. Calculate the greatest common divisor of g and i.
9
Let o(l) = l**2 - 76*l - 270. Let v be o(81). Calculate the greatest common factor of 125 and v.
5
Suppose o + 97*v - 101*v = 12, 0 = -3*o + 5*v + 64. What is the greatest common factor of o and 31486?
14
Let g = 1627 - 1617. Let v(o) = o**2 + 2*o**2 - 9*o - 16*o. Let q be v(g). What is the highest common factor of 25 and q?
25
Suppose -5*s + c = -3631 - 3747, 2*s = -5*c + 2935. What is the greatest common factor of s and 25?
25
Let i be ((-108)/(-14))/((-3)/(-14)). Let s = -5438 - -5501. Calculate the greatest common divisor of i and s.
9
Let m(z) = z**3 + 40*z**2 - 8*z + 81. Let s be m(-40). Let t = 749 - s. What is the highest common divisor of t and 12?
12
Suppose 3*a - 5*o + 0*o - 1253 = 0, 3*o + 835 = 2*a. Suppose -153*d = -260*d + 5564. What is the highest common divisor of a and d?
52
Suppose -m - 7 + 2 = 0. Let r(k) = -k**2 - k + 9. Let o be r(0). Let j be ((-11)/m)/(o/225). What is the greatest common factor of 11 and j?
11
Let y = -23782 + 25477. What is the highest common factor of 60 and y?
15
Suppose -t + 5 = -6*t - a, -4*a - 20 = -3*t. Suppose -48*u + 44*u + 176 = t. Calculate the highest common divisor of 55 and u.
11
Suppose -7 = -x + 5*a + 2, -4*x - 3*a + 36 = 0. Suppose x*s + 54 = 378. Calculate the highest common factor of s and 45.
9
Let u be 21*20 - 4256/(-266). What is the highest common factor of u and 100?
4
Let g(m) = m**3 - 21*m**2 + 68*m + 28. Let b be g(17). Let h(p) = -p + 20. Let u be h(12). What is the highest common factor of b and u?
4
Suppose 52 = 2*v - 60. Let p be 35*(-45 - 5725/(-125)). Calculate the greatest common divisor of v and p.
28
Let r be 5 - ((-598)/18 - 96/(-432)). Suppose 5*s - 3*t = 78, -6*t + 2*t = -3*s + r. Let v be 1/((-2)/(-54)*1). Calculate the highest common divisor of s and v.
9
Let x(s) = -46*s - 6. Let l be x(-5). Suppose 2*n = -8, -4317*d = -4322*d - 5*n + 190. What is the highest common factor of l and d?
14
Let n(z) = z**2 + 3*z - 12. Let u be (-1)/3 + (-1 - 44/(-6)). Let r be n(u). Calculate the highest common factor of r and 18.
6
Let a(w) be the second derivative of -w**4/12 - 5*w**3 + 4*w**2 - 10*w. Let l be a(-14). Calculate the highest common factor of 58 and l.
58
Let h = 27 - 41. Let f = -12 - h. Let x be -3 + 132/